Dec 01 02:53:49.794 INFO testing sepiropht/find-and-count against master#8940af3cea4a9a9deabcaf843b2f8cad9a83fc61 for beta-1.31-5
Dec 01 02:53:49.796 INFO running `"docker" "create" "-v" "/mnt/big/crater/work/local/target-dirs/beta-1.31-5/worker-7/master#8940af3cea4a9a9deabcaf843b2f8cad9a83fc61:/target:rw,Z" "-v" "/mnt/big/crater/work/local/test-source/worker-7/beta-1.31-5/master#8940af3cea4a9a9deabcaf843b2f8cad9a83fc61:/source:ro,Z" "-v" "/mnt/big/crater/work/local/cargo-home:/cargo-home:ro,Z" "-v" "/mnt/big/crater/work/local/rustup-home:/rustup-home:ro,Z" "-e" "USER_ID=1000" "-e" "SOURCE_DIR=/source" "-e" "USER_ID=1000" "-e" "CMD=cargo +8940af3cea4a9a9deabcaf843b2f8cad9a83fc61-alt build --frozen" "-e" "CARGO_TARGET_DIR=/target" "-e" "CARGO_INCREMENTAL=0" "-e" "RUST_BACKTRACE=full" "-e" "RUSTFLAGS=--cap-lints=warn" "-e" "CARGO_HOME=/cargo-home" "-e" "RUSTUP_HOME=/rustup-home" "-m" "1536M" "--network" "none" "crater"`
Dec 01 02:53:50.140 INFO [stdout] 5f5eeee34b9df1704a474db6a261086a0ce6ebdf6967116171112ad41bb1f2aa
Dec 01 02:53:50.147 INFO running `"docker" "start" "-a" "5f5eeee34b9df1704a474db6a261086a0ce6ebdf6967116171112ad41bb1f2aa"`
Dec 01 02:53:51.184 INFO [stderr] usermod: no changes
Dec 01 02:53:51.239 INFO [stderr]    Compiling fdl v0.1.0 (/source)
Dec 01 02:53:51.495 INFO [stderr] warning: unused import: `BufRead`
Dec 01 02:53:51.495 INFO [stderr]  --> src/main.rs:3:21
Dec 01 02:53:51.495 INFO [stderr]   |
Dec 01 02:53:51.495 INFO [stderr] 3 | use std::io::{self, BufRead};
Dec 01 02:53:51.495 INFO [stderr]   |                     ^^^^^^^
Dec 01 02:53:51.495 INFO [stderr]   |
Dec 01 02:53:51.495 INFO [stderr]   = note: #[warn(unused_imports)] on by default
Dec 01 02:53:51.495 INFO [stderr] 
Dec 01 02:53:52.426 INFO [stderr]     Finished dev [unoptimized + debuginfo] target(s) in 1.22s
Dec 01 02:53:52.429 INFO [stderr] su: No module specific data is present
Dec 01 02:53:52.919 INFO running `"docker" "inspect" "5f5eeee34b9df1704a474db6a261086a0ce6ebdf6967116171112ad41bb1f2aa"`
Dec 01 02:53:53.161 INFO running `"docker" "rm" "-f" "5f5eeee34b9df1704a474db6a261086a0ce6ebdf6967116171112ad41bb1f2aa"`
Dec 01 02:53:53.458 INFO [stdout] 5f5eeee34b9df1704a474db6a261086a0ce6ebdf6967116171112ad41bb1f2aa
Dec 01 02:53:53.461 INFO running `"docker" "create" "-v" "/mnt/big/crater/work/local/target-dirs/beta-1.31-5/worker-7/master#8940af3cea4a9a9deabcaf843b2f8cad9a83fc61:/target:rw,Z" "-v" "/mnt/big/crater/work/local/test-source/worker-7/beta-1.31-5/master#8940af3cea4a9a9deabcaf843b2f8cad9a83fc61:/source:ro,Z" "-v" "/mnt/big/crater/work/local/cargo-home:/cargo-home:ro,Z" "-v" "/mnt/big/crater/work/local/rustup-home:/rustup-home:ro,Z" "-e" "USER_ID=1000" "-e" "SOURCE_DIR=/source" "-e" "USER_ID=1000" "-e" "CMD=cargo +8940af3cea4a9a9deabcaf843b2f8cad9a83fc61-alt test --frozen --no-run" "-e" "CARGO_TARGET_DIR=/target" "-e" "CARGO_INCREMENTAL=0" "-e" "RUST_BACKTRACE=full" "-e" "RUSTFLAGS=--cap-lints=warn" "-e" "CARGO_HOME=/cargo-home" "-e" "RUSTUP_HOME=/rustup-home" "-m" "1536M" "--network" "none" "crater"`
Dec 01 02:53:53.876 INFO [stdout] fe2643f6b10a7b6b22031e3e427da3484b1769b46aec889209794aa607cf546f
Dec 01 02:53:53.880 INFO running `"docker" "start" "-a" "fe2643f6b10a7b6b22031e3e427da3484b1769b46aec889209794aa607cf546f"`
Dec 01 02:53:54.953 INFO [stderr] usermod: no changes
Dec 01 02:53:54.991 INFO [stderr]    Compiling fdl v0.1.0 (/source)
Dec 01 02:53:55.235 INFO [stderr] warning: unused import: `BufRead`
Dec 01 02:53:55.235 INFO [stderr]  --> src/main.rs:3:21
Dec 01 02:53:55.235 INFO [stderr]   |
Dec 01 02:53:55.236 INFO [stderr] 3 | use std::io::{self, BufRead};
Dec 01 02:53:55.236 INFO [stderr]   |                     ^^^^^^^
Dec 01 02:53:55.236 INFO [stderr]   |
Dec 01 02:53:55.236 INFO [stderr]   = note: #[warn(unused_imports)] on by default
Dec 01 02:53:55.236 INFO [stderr] 
Dec 01 02:53:55.358 INFO [stderr] error[E0063]: missing field `frame_work` in initializer of `file_tree::FileTree`
Dec 01 02:53:55.358 INFO [stderr]    --> src/file_tree.rs:143:17
Dec 01 02:53:55.358 INFO [stderr]     |
Dec 01 02:53:55.358 INFO [stderr] 143 |         let e = FileTree {
Dec 01 02:53:55.358 INFO [stderr]     |                 ^^^^^^^^ missing `frame_work`
Dec 01 02:53:55.358 INFO [stderr] 
Dec 01 02:53:55.359 INFO [stderr] error[E0063]: missing field `frame_work` in initializer of `file_tree::FileTree`
Dec 01 02:53:55.359 INFO [stderr]    --> src/file_tree.rs:147:17
Dec 01 02:53:55.359 INFO [stderr]     |
Dec 01 02:53:55.359 INFO [stderr] 147 |         let d = FileTree {
Dec 01 02:53:55.359 INFO [stderr]     |                 ^^^^^^^^ missing `frame_work`
Dec 01 02:53:55.359 INFO [stderr] 
Dec 01 02:53:55.359 INFO [stderr] error[E0063]: missing field `frame_work` in initializer of `file_tree::FileTree`
Dec 01 02:53:55.359 INFO [stderr]    --> src/file_tree.rs:151:17
Dec 01 02:53:55.359 INFO [stderr]     |
Dec 01 02:53:55.359 INFO [stderr] 151 |         let c = FileTree {
Dec 01 02:53:55.359 INFO [stderr]     |                 ^^^^^^^^ missing `frame_work`
Dec 01 02:53:55.359 INFO [stderr] 
Dec 01 02:53:55.359 INFO [stderr] error[E0063]: missing field `frame_work` in initializer of `file_tree::FileTree`
Dec 01 02:53:55.359 INFO [stderr]    --> src/file_tree.rs:155:17
Dec 01 02:53:55.359 INFO [stderr]     |
Dec 01 02:53:55.359 INFO [stderr] 155 |         let b = FileTree {
Dec 01 02:53:55.359 INFO [stderr]     |                 ^^^^^^^^ missing `frame_work`
Dec 01 02:53:55.359 INFO [stderr] 
Dec 01 02:53:55.360 INFO [stderr] error[E0063]: missing field `frame_work` in initializer of `file_tree::FileTree`
Dec 01 02:53:55.360 INFO [stderr]    --> src/file_tree.rs:159:29
Dec 01 02:53:55.360 INFO [stderr]     |
Dec 01 02:53:55.360 INFO [stderr] 159 |         let expected_tree = FileTree {
Dec 01 02:53:55.360 INFO [stderr]     |                             ^^^^^^^^ missing `frame_work`
Dec 01 02:53:55.360 INFO [stderr] 
Dec 01 02:53:55.360 INFO [stderr] error[E0063]: missing field `frame_work` in initializer of `file_tree::FileTree`
Dec 01 02:53:55.360 INFO [stderr]    --> src/file_tree.rs:170:17
Dec 01 02:53:55.360 INFO [stderr]     |
Dec 01 02:53:55.360 INFO [stderr] 170 |         let e = FileTree {
Dec 01 02:53:55.360 INFO [stderr]     |                 ^^^^^^^^ missing `frame_work`
Dec 01 02:53:55.360 INFO [stderr] 
Dec 01 02:53:55.360 INFO [stderr] error[E0063]: missing field `frame_work` in initializer of `file_tree::FileTree`
Dec 01 02:53:55.360 INFO [stderr]    --> src/file_tree.rs:174:17
Dec 01 02:53:55.360 INFO [stderr]     |
Dec 01 02:53:55.360 INFO [stderr] 174 |         let d = FileTree {
Dec 01 02:53:55.360 INFO [stderr]     |                 ^^^^^^^^ missing `frame_work`
Dec 01 02:53:55.360 INFO [stderr] 
Dec 01 02:53:55.360 INFO [stderr] error[E0063]: missing field `frame_work` in initializer of `file_tree::FileTree`
Dec 01 02:53:55.360 INFO [stderr]    --> src/file_tree.rs:178:17
Dec 01 02:53:55.360 INFO [stderr]     |
Dec 01 02:53:55.360 INFO [stderr] 178 |         let c = FileTree {
Dec 01 02:53:55.360 INFO [stderr]     |                 ^^^^^^^^ missing `frame_work`
Dec 01 02:53:55.360 INFO [stderr] 
Dec 01 02:53:55.361 INFO [stderr] error[E0063]: missing field `frame_work` in initializer of `file_tree::FileTree`
Dec 01 02:53:55.361 INFO [stderr]    --> src/file_tree.rs:182:17
Dec 01 02:53:55.361 INFO [stderr]     |
Dec 01 02:53:55.361 INFO [stderr] 182 |         let b = FileTree {
Dec 01 02:53:55.361 INFO [stderr]     |                 ^^^^^^^^ missing `frame_work`
Dec 01 02:53:55.361 INFO [stderr] 
Dec 01 02:53:55.361 INFO [stderr] error[E0063]: missing field `frame_work` in initializer of `file_tree::FileTree`
Dec 01 02:53:55.361 INFO [stderr]    --> src/file_tree.rs:186:29
Dec 01 02:53:55.361 INFO [stderr]     |
Dec 01 02:53:55.361 INFO [stderr] 186 |         let expected_tree = FileTree {
Dec 01 02:53:55.361 INFO [stderr]     |                             ^^^^^^^^ missing `frame_work`
Dec 01 02:53:55.361 INFO [stderr] 
Dec 01 02:53:55.362 INFO [stderr] error[E0063]: missing field `frame_work` in initializer of `file_tree::FileTree`
Dec 01 02:53:55.362 INFO [stderr]    --> src/file_tree.rs:197:17
Dec 01 02:53:55.362 INFO [stderr]     |
Dec 01 02:53:55.362 INFO [stderr] 197 |         let d = FileTree {
Dec 01 02:53:55.362 INFO [stderr]     |                 ^^^^^^^^ missing `frame_work`
Dec 01 02:53:55.362 INFO [stderr] 
Dec 01 02:53:55.362 INFO [stderr] error[E0063]: missing field `frame_work` in initializer of `file_tree::FileTree`
Dec 01 02:53:55.362 INFO [stderr]    --> src/file_tree.rs:201:17
Dec 01 02:53:55.362 INFO [stderr]     |
Dec 01 02:53:55.362 INFO [stderr] 201 |         let c = FileTree {
Dec 01 02:53:55.362 INFO [stderr]     |                 ^^^^^^^^ missing `frame_work`
Dec 01 02:53:55.362 INFO [stderr] 
Dec 01 02:53:55.363 INFO [stderr] error[E0063]: missing field `frame_work` in initializer of `file_tree::FileTree`
Dec 01 02:53:55.363 INFO [stderr]    --> src/file_tree.rs:205:17
Dec 01 02:53:55.363 INFO [stderr]     |
Dec 01 02:53:55.363 INFO [stderr] 205 |         let b = FileTree {
Dec 01 02:53:55.363 INFO [stderr]     |                 ^^^^^^^^ missing `frame_work`
Dec 01 02:53:55.363 INFO [stderr] 
Dec 01 02:53:55.363 INFO [stderr] error[E0063]: missing field `frame_work` in initializer of `file_tree::FileTree`
Dec 01 02:53:55.363 INFO [stderr]    --> src/file_tree.rs:209:17
Dec 01 02:53:55.363 INFO [stderr]     |
Dec 01 02:53:55.363 INFO [stderr] 209 |         let a = FileTree {
Dec 01 02:53:55.363 INFO [stderr]     |                 ^^^^^^^^ missing `frame_work`
Dec 01 02:53:55.363 INFO [stderr] 
Dec 01 02:53:55.371 INFO [stderr] error[E0061]: this function takes 4 parameters but 3 parameters were supplied
Dec 01 02:53:55.371 INFO [stderr]    --> src/file_tree.rs:225:9
Dec 01 02:53:55.371 INFO [stderr]     |
Dec 01 02:53:55.371 INFO [stderr] 24  | fn print_line<W: Write>(output: &mut W, lasts: &[bool], name: &OsStr, frame_work: &str) -> io::Result<()> {
Dec 01 02:53:55.371 INFO [stderr]     | --------------------------------------------------------------------------------------------------------- defined here
Dec 01 02:53:55.371 INFO [stderr] ...
Dec 01 02:53:55.371 INFO [stderr] 225 |         print_line(&mut output1, &[], name).unwrap();
Dec 01 02:53:55.371 INFO [stderr]     |         ^^^^^^^^^^^^^^^^^^^^^^^^^^^^^^^^^^^ expected 4 parameters
Dec 01 02:53:55.371 INFO [stderr] 
Dec 01 02:53:55.375 INFO [stderr] error[E0061]: this function takes 4 parameters but 3 parameters were supplied
Dec 01 02:53:55.375 INFO [stderr]    --> src/file_tree.rs:229:9
Dec 01 02:53:55.375 INFO [stderr]     |
Dec 01 02:53:55.375 INFO [stderr] 24  | fn print_line<W: Write>(output: &mut W, lasts: &[bool], name: &OsStr, frame_work: &str) -> io::Result<()> {
Dec 01 02:53:55.375 INFO [stderr]     | --------------------------------------------------------------------------------------------------------- defined here
Dec 01 02:53:55.375 INFO [stderr] ...
Dec 01 02:53:55.375 INFO [stderr] 229 |         print_line(&mut output2, &[true, false, true], name).unwrap();
Dec 01 02:53:55.375 INFO [stderr]     |         ^^^^^^^^^^^^^^^^^^^^^^^^^^^^^^^^^^^^^^^^^^^^^^^^^^^^ expected 4 parameters
Dec 01 02:53:55.375 INFO [stderr] 
Dec 01 02:53:55.383 INFO [stderr] error[E0061]: this function takes 4 parameters but 3 parameters were supplied
Dec 01 02:53:55.383 INFO [stderr]    --> src/file_tree.rs:233:9
Dec 01 02:53:55.383 INFO [stderr]     |
Dec 01 02:53:55.383 INFO [stderr] 24  | fn print_line<W: Write>(output: &mut W, lasts: &[bool], name: &OsStr, frame_work: &str) -> io::Result<()> {
Dec 01 02:53:55.383 INFO [stderr]     | --------------------------------------------------------------------------------------------------------- defined here
Dec 01 02:53:55.383 INFO [stderr] ...
Dec 01 02:53:55.383 INFO [stderr] 233 |         print_line(&mut output3, &[true, false, false], name).unwrap();
Dec 01 02:53:55.383 INFO [stderr]     |         ^^^^^^^^^^^^^^^^^^^^^^^^^^^^^^^^^^^^^^^^^^^^^^^^^^^^^ expected 4 parameters
Dec 01 02:53:55.383 INFO [stderr] 
Dec 01 02:53:55.391 INFO [stderr] error: aborting due to 17 previous errors
Dec 01 02:53:55.391 INFO [stderr] 
Dec 01 02:53:55.391 INFO [stderr] Some errors occurred: E0061, E0063.
Dec 01 02:53:55.391 INFO [stderr] For more information about an error, try `rustc --explain E0061`.
Dec 01 02:53:55.398 INFO [stderr] error: Could not compile `fdl`.
Dec 01 02:53:55.398 INFO [stderr] 
Dec 01 02:53:55.398 INFO [stderr] To learn more, run the command again with --verbose.
Dec 01 02:53:55.399 INFO [stderr] su: No module specific data is present
Dec 01 02:53:55.985 INFO running `"docker" "inspect" "fe2643f6b10a7b6b22031e3e427da3484b1769b46aec889209794aa607cf546f"`
Dec 01 02:53:56.339 INFO running `"docker" "rm" "-f" "fe2643f6b10a7b6b22031e3e427da3484b1769b46aec889209794aa607cf546f"`
Dec 01 02:53:56.647 INFO [stdout] fe2643f6b10a7b6b22031e3e427da3484b1769b46aec889209794aa607cf546f
